(-2).
2, 11
Suppose -66 = u - 210. List the prime factors of u.
2, 3
Let c(a) = a**2 - 6*a + 1. Let b = 4 - -3. What are the prime factors of c(b)?
2
Let k = 16 + 9. Let i = k + -17. List the prime factors of i.
2
Let c = 23 + -21. Let a be -1*(0/(-1))/(-2). Suppose 0 = 2*m + 3*l - 0*l - 23, a = 5*m + c*l - 41. What are the prime factors of m?
7
Let d(i) = -2*i**3 + i**2 + 2*i. List the prime factors of d(-2).
2
Let z(v) = -9*v + 2. Suppose -3*u + 0 - 6 = 0. What are the prime factors of z(u)?
2, 5
Suppose p - 5 = 2. List the prime factors of p.
7
Let m be 3 - (-1 + -30)/1. Suppose -2*z - 39 = -3*d + m, 2*d - 3*z = 57. What are the prime factors of d?
3, 7
Suppose -2*q + 7*q = -10. Let x = 3 + q. Let i(v) = 11*v**2 - 2*v + 1. List the prime factors of i(x).
2, 5
Let m = -70 - -105. Let c = m - 23. What are the prime factors of c?
2, 3
Suppose -5*b + 5*v - v = 1494, -2*v - 1518 = 5*b. What are the prime factors of b/(-18) + 22/99?
17
Suppose 0 = -14*k - k + 2295. List the prime factors of k.
3, 17
Let b(z) = -3*z + 7. Let f be b(5). Let d(m) = -m - 6. Let i be d(f). Suppose -3*y + 3*q = -42, -37 = -0*y - i*y + 5*q. List the prime factors of y.
11
Suppose -6*h = -877 - 203. What are the prime factors of h?
2, 3, 5
Let h = 234 - 158. What are the prime factors of h?
2, 19
Suppose -628 = -5*d - 213. What are the prime factors of d?
83
Suppose j = -4*y + 70, 0 = 3*j - 2*y - 175 - 91. List the prime factors of j.
2, 43
Suppose 9*h - 34 - 2 = 0. List the prime factors of h.
2
Suppose p = -4*x - 221, 4*p - 2*p - 2*x + 452 = 0. List the prime factors of p/(-10) - (-3)/(-2).
3, 7
Let n(i) = -10*i. What are the prime factors of n(-2)?
2, 5
Suppose 2*d + 3 = 7. Suppose -5 = -j - 2*y, -d*j + 4*y + 2 = -8. List the prime factors of j.
5
Suppose 2*t + 0*t - 20 = 0. Suppose u - 2*u = -t. Suppose 3*q - 11 = u. List the prime factors of q.
7
Suppose -4*n - 3*b = -4, -3*n + 3*b + 29 = 5. List the prime factors of 8 + -2 - -1*n.
2, 5
Suppose -4*l = 5*k + 13 - 50, l = 3*k - 12. Suppose l*g + 34 = 109. What are the prime factors of g?
5
Let b be (3 + -9)*(-2)/4. Let f(g) = g**2 - 4*g + 1. Let m be f(5). Suppose -b*l + m = -3. List the prime factors of l.
3
Suppose -5*s + 3*s + 34 = 0. Suppose 0*c - c = -s. List the prime factors of c.
17
Suppose -p + 4 = -1. Suppose p*z = -5*i, z - 3*i = 5*z + 3. What are the prime factors of 2 - ((-2 - z) + -1)?
2
Suppose 6 = 2*m - 0*m, -2*y - 2*m = -24. What are the prime factors of 10/(-45) - (-83)/y?
3
Suppose 0*c + 4*c = -20. List the prime factors of ((-2)/3)/(c/45).
2, 3
Suppose -4*a + 27 = -7*a. Let u be (10/15)/((-2)/a). Let b = 1 + u. List the prime factors of b.
2
Let n = 171 + -37. List the prime factors of n.
2, 67
Suppose -4*c = -5*j + 31, -5*j - 4 = c + 10. Suppose -y = -q + 6, 5*q - 8 = -2*y + 3*q. Let k = y - c. What are the prime factors of k?
2
Let f = -14 - -24. What are the prime factors of ((-4)/f)/((-9)/90)?
2
Let w(f) = f - 7. Suppose m = -m + 2*k + 18, -3*k = 2*m - 38. What are the prime factors of w(m)?
2, 3
Suppose 2*h = 2*u + 6*h - 106, 5*u - 265 = 3*h. List the prime factors of u.
53
Suppose -p + 272 = 3*p. List the prime factors of p.
2, 17
Let l = 157 - -85. List the prime factors of l.
2, 11
Let c(b) = -2*b + 41. What are the prime factors of c(-8)?
3, 19
Let c(j) = 3*j**2 - 2*j. Let l be c(2). Suppose 2*d = -0*d, -l = -2*g - 2*d. Suppose g*z + 9 = 41. What are the prime factors of z?
2
Suppose 15 = 3*c + 2*c. Suppose x + 5 = c. Let g(w) = -4*w - 1. What are the prime factors of g(x)?
7
Suppose 7 + 1 = 4*g. Let b = g - 4. What are the prime factors of 5/(2*(-1)/b)?
5
Let x be (-276)/12 + (-3 - 0). Let s = -14 - x. What are the prime factors of s?
2, 3
Let r(v) = -v**2 - 7*v + 5. Let c be r(-7). Let x(i) = -2*i + 5*i + 5*i**2 - i**3 + 5 - 2*i. List the prime factors of x(c).
2, 5
Suppose 0*l - 3*l = -18. Suppose 3*o + 64 = l*o + 5*s, -3*o = 2*s - 67. What are the prime factors of o?
23
Let h = -3 + 0. Let m(n) = -n**3 - 3*n**2 - 4*n. Let s be m(h). Let j = -8 + s. List the prime factors of j.
2
Let s = 13 + -10. Suppose 6*t = s*t + 102. What are the prime factors of t?
2, 17
Let k = -5 + 27. List the prime factors of k.
2, 11
Let a(b) = b**3 + 15*b + 2*b**3 - b**3 - 15*b**2 - 6 - b**3. What are the prime factors of a(14)?
2
Suppose -35 = -5*w - 10. Suppose q - 8 = 3*p + 4, -w*q + 50 = -5*p. Let s = q + -2. List the prime factors of s.
7
Suppose 4 = t, 5*t - 2 = -3*p + 27. Let h be (3*-1)/(-3)*p. Suppose -3 = -h*s - n, -5*s + 0 = 5*n + 5. What are the prime factors of s?
2
Suppose 5*h = 3*w + w + 364, 0 = -5*h + 2*w + 362. List the prime factors of h.
2, 3
Let v(r) = 7*r - 18. What are the prime factors of v(6)?
2, 3
Suppose 7*b - 1209 = -82. List the prime factors of b.
7, 23
Let x(h) = 3*h**2 + h**3 - 4*h**2 - 5*h + 0*h. What are the prime factors of x(4)?
2, 7
Suppose u + 46 = 2*u. Suppose -u - 35 = -3*j. List the prime factors of j.
3
Let u = 52 + -55. Suppose -27 = s + 2*s. Let m = u - s. List the prime factors of m.
2, 3
Suppose 4*t - 3*r - 171 = 0, 0*r - 54 = -t - 3*r. What are the prime factors of t?
3, 5
Let h = 20 - 15. List the prime factors of (-15 + 1)*h/(-10).
7
Let v be (-2)/(-2 + 1 - 1). Let y = -1 + 6. List the prime factors of y*v/2*2.
5
Let b = 28 + -11. Let k = 30 - b. What are the prime factors of k?
13
Let u = 49 - -1. What are the prime factors of u?
2, 5
Let d(g) be the third derivative of 0 - g**2 - 1/12*g**4 - 1/120*g**6 + 1/3*g**3 - 1/30*g**5 + 0*g. List the prime factors of d(-2).
2, 3
Suppose 74*p - 76*p = -44. List the prime factors of p.
2, 11
Let a(j) = 5*j**3 + 4*j**2 + 6. Let w(t) = -4*t**3 - 3*t**2 + t - 5. Let z(k) = -2*a(k) - 3*w(k). Let v be (-10)/15*(3 - 6). List the prime factors of z(v).
17
Let c(o) = o + 4. Let v be c(-6). Let r be (-1 - 2)*(1 + v). Suppose 0*t = t - 4, 0 = 4*p + r*t - 48. What are the prime factors of p?
3
Let u(t) be the first derivative of t**4/4 + 2*t**3 + t**2 - 3*t + 1. List the prime factors of u(-5).
2, 3
Let o(j) = -j**3 - 2*j**2 + 5*j - 3. Let r be ((-8)/(-6))/(2/3). Let i be (r/3)/(2/(-12)). What are the prime factors of o(i)?
3
Let w(k) = k**2 + 4*k - 12. Let s be w(-6). Suppose -4*h + 104 = 2*f, s*h - 108 = -4*h - 3*f. What are the prime factors of h?
2, 3
Let z(v) = -v**2 - v. Let n(w) = 22*w**2 + w + 1. Let x(a) = n(a) + 3*z(a). What are the prime factors of x(1)?
2, 3
Suppose -f - 8 = -2*t + 4*t, 4*f + 4 = -t. List the prime factors of (-116)/(-10) - t/10.
2, 3
Let v(c) = -c**3 - c**2 - 2*c + 182. List the prime factors of v(0).
2, 7, 13
Let k(l) = l**3 + l**2. Let d be k(0). Let o = 13 - d. Let y = 25 - o. What are the prime factors of y?
2, 3
Let w(y) be the first derivative of y**2/2 - 2*y - 1. What are the prime factors of w(5)?
3
Let t be -4*4/(32/(-190)). Suppose -2*o = -7*o + t. List the prime factors of o.
19
Let z be (-1 - -2)/((-3)/(-24)). Suppose -n - z = -2. Let c(o) = -o**2 - 8*o. List the prime factors of c(n).
2, 3
Let p(z) = 5*z - 2. Let b be p(2). Suppose b*f = 3*f + 105. List the prime factors of f.
3, 7
Let r(g) be the first derivative of g**4/4 + 2*g**3/3 - g**2/2 + 33*g + 3. List the prime factors of r(0).
3, 11
Suppose 0 = 4*p + 5 + 3. Let b be -2*2/2 - p. Suppose q - 5*z - 3 = b, -2*z - 4 = -2*q + 10. What are the prime factors of q?
2
Let g(q) = -q**2 - 6*q + 1. Let c be g(-5). Let l = 3 + c. List the prime factors of l.
3
Suppose 2*x - 6 = 2. Suppose 28 = x*m - 4*w + 4, 2*m - 5 = -5*w. What are the prime factors of 1 + 1*m*2?
11
Suppose 0 = -2*a - 3*z - 3, -a = 3*a + 2*z + 2. Suppose -5*k = -a*k. Suppose k*r + 40 = 2*r + 4*u, 2*u + 20 = 3*r. List the prime factors of r.
2, 5
Suppose -3*t = 4*q - 278, 4*t = 2*q + 2*q + 380. What are the prime factors of t?
2, 47
Suppose -o - 3 = -1. Let v be 1*(o + 1 - -5). Suppose -v*h + 4 + 44 = 0. List the prime factors of h.
2, 3
Let s = 304 - 192. What are the prime factors of s?
2, 7
Let f(s) = s**3 - 2*s**2 - 3. Let c be f(3). What are the prime factors of (-1246)/(-49) - c/14?
5
Let u(s) = -41*s**3 - 1. Let l be u(-1). Suppose -3*n = n - l. List the prime factors of n.
2, 5
Let h = -101 + 169. List the prime factors of h.
2, 17
Suppose 2*m - a + 57 = 0, 2*m = a + a - 60. List the prime factors of 8/3*m/(-6).
2, 3
Let p(g) = 59*g + 1. List the prime factors of